 = -3*o - 2*z + 197, 301 = 5*o + 4*z - 28. Is o prime?
False
Suppose -4*y + 7737 = t, 4481 = -5*y - 5*t + 14156. Is y prime?
False
Let z(h) = -4*h**2 + 24*h + 21. Let p(k) = -k**2 + 6*k + 5. Let b(t) = 9*p(t) - 2*z(t). Let j be b(6). Suppose 0 = -0*n + j*n - 93. Is n a composite number?
False
Let y be ((-7)/14)/(1/(-8)). Let s(a) = a**3 + 3*a**2 - 2*a - 4. Let f be s(-3). Suppose -96 = -y*u + 4*x, -2*u = f*x - 7 - 29. Is u a composite number?
True
Let y = 8 - 4. Suppose -1 = -y*s + 7. Suppose -s = -2*n - 5*r + 24, -4*n + r + 52 = 0. Is n a composite number?
False
Let i(w) = 7*w**2 + 7*w - 1. Is i(-6) a prime number?
False
Let n = 129 - 74. Is n composite?
True
Let x(a) = -3*a - 10. Let m be x(-10). Suppose 0 = -5*r + 3*d + 20, 4*d - 2*d = -5*r + m. Is r prime?
False
Suppose 5*p - 2528 = 467. Let d = 0 + 0. Suppose 2*n - p = -5*h, 0 = -5*h - d*h - n + 597. Is h a prime number?
False
Let m = 4185 - 2492. Is m prime?
True
Let y be 3 + (0/2 - 1). Let z be (2 - 18/(-4))*y. Suppose -z = 2*q - 3*q. Is q a composite number?
False
Let j = -284 + 425. Is j prime?
False
Suppose -2*h = -3*q + 14231, 2*h + 23713 = 4*q + q. Is q prime?
False
Suppose 1491 = 3*z + 2*q, 4*q - 2281 = -3*z - 790. Is z composite?
True
Suppose 103 = -2*q + 5*z + 1336, -5*q + 3140 = -z. Is q a composite number?
True
Suppose -5*b - 1356 = -3*t - 140, -2*t - 4*b + 774 = 0. Is t composite?
False
Suppose 5*n - 14 = 1. Let t = -9 + 43. Let y = t - n. Is y a prime number?
True
Suppose 2*f + q - 402 = 18, 0 = -2*f - 4*q + 426. Is f a composite number?
True
Let m = 295 - 132. Is m prime?
True
Let l = -192 - -519. Is l a composite number?
True
Let m be (12/15)/(1/5). Let j be 947/9 + m/(-18). Suppose -j = c - 4*c. Is c a prime number?
False
Suppose -4*w - w = -665. Is w a composite number?
True
Is 614*(-4 + 1 + 4) a prime number?
False
Let f(x) = 4*x**2 + x - 1. Let y be f(1). Suppose 3*u - y*u + 53 = 0. Is u composite?
False
Let k be (-2)/(0 + -2) + 4. Is 1086/10 - (-2)/k a composite number?
False
Let y = 103 - 26. Is y composite?
True
Suppose 3*r + 4*q = 177, 0 = -3*r - q + 158 + 19. Is r a composite number?
False
Let v(o) = o**3 - 4*o**2 + o - 4. Let t be v(4). Let j = 3 - t. Suppose -20 - 1 = -j*p. Is p a composite number?
False
Is (-1 + (-10)/(-15))*-177 composite?
False
Is 3/12 - 2*(-115041)/24 prime?
True
Let h be -2 + 24/(-20)*-5. Is h*(6309/12)/3 composite?
False
Suppose -y = -3*t - 480, -2*t + 2434 = 5*y - 0*t. Let j = y + -331. Is j a composite number?
True
Suppose n = -5*r - 29, 0 = 3*r + 2*r - 4*n + 9. Let h = 0 - r. Suppose -2*i = -h*i + w + 59, i - 3*w - 9 = 0. Is i a prime number?
False
Suppose -3*o = o - 168. Suppose 4*c = 2*c + o. Is c a composite number?
True
Let d = -368 - -526. Is d a prime number?
False
Suppose 4*p - 2*c = 1234, p + 2*p + 2*c = 915. Is p composite?
False
Let n = 17 - -194. Suppose 0 = 3*l + 5*r - n, 82 = 2*l - r - 76. Is l prime?
False
Let p be -14*3/(-6)*19. Suppose -5*t + 237 = -p. Suppose -3*k = -k - t. Is k composite?
False
Let y(i) = i**2 + 5*i + 2. Let c be y(-5). Suppose c*o - 1 = 3*z, -7*o - 3*z = -2*o - 13. Suppose 158 = 4*g - o*g. Is g a composite number?
False
Let r(v) = v - 10. Let d be r(0). Let j be (136/d)/((-4)/20). Suppose 5*x = -s + j, -s - 3*s + x + 209 = 0. Is s prime?
True
Let p(x) = -x**2 - 3*x - 2. Let s be p(-3). Let f = 3 + s. Let r = f + 6. Is r prime?
True
Suppose 0 = t + 3 - 6. Suppose 3*b = 5*g - 0*b - t, 5*b - 35 = -5*g. Is g prime?
True
Let q(h) = -24*h - 4. Let c = -10 + 6. Let n be q(c). Suppose -44 = -g - j, -3*j = -g - 36 + n. Is g composite?
False
Suppose -493 - 3959 = -3*j. Suppose 2*n + 2*n = j. Is n composite?
True
Let b = -3 - -4. Suppose -c - b - 1 = 0. Is 378/4 - c/4 a prime number?
False
Suppose -3*x - 661 = 5*s + 429, -5*x = 0. Let i = s + 379. Is i composite?
True
Suppose -t - 7 = 2*i, -6*t = -2*t + 4*i + 16. Let p(r) = -r**2 - 2*r - 1. Let k be p(t). Suppose 0*f + f - 11 = k. Is f a prime number?
True
Suppose -23*t - 2212 = -27*t. Is t prime?
False
Let t be 4/(-1 + -1 + 4). Suppose -2*w = -5*g - 830, -t*g - 1139 - 521 = -4*w. Is w prime?
False
Suppose -1 = 3*b - 10. Let u(t) = 8*t**2 + 3*t - 3. Let j be u(b). Let q = -41 + j. Is q a prime number?
True
Let g(u) be the first derivative of -u + 3/2*u**2 + 3 + 2/3*u**3. Is g(-6) a prime number?
True
Let n(s) = -7*s + 7*s - 13 + 20 + s**2 + 7*s. Let v be n(-6). Is (1/(-2))/(v/(-254)) a prime number?
True
Let k(f) = 60*f + 1. Is k(3) composite?
False
Let k = 5389 - 1542. Is k a composite number?
False
Let v be (-2)/4 - 297/(-18). Let x be 4/v - (-1)/(-4). Suppose -2*y - y + 57 = x. Is y prime?
True
Suppose -2*g - 2*g = -28. Let r(k) be the first derivative of -k**4/4 + 3*k**3 - 2*k**2 + 7*k - 4. Is r(g) composite?
True
Let v(b) = b**2 + 1 + 1 - 2*b - 5 + b**2. Let j be v(3). Suppose -o + j = -0*o. Is o a composite number?
True
Let j(y) = y - 1. Let p be j(-5). Is (p - -1)*117/(-15) composite?
True
Let z = -278 - -405. Is z a composite number?
False
Suppose o + 5 - 10 = 0. Suppose -5*y = w - 23, -7 = 3*y - o*w - 4. Is (y + -3)*(0 - -31) composite?
False
Let s = -25 + 50. Is s a composite number?
True
Let i(k) = k**3 - 1. Suppose -3*y = -3*w - 18, 17 + 16 = 5*y - 2*w. Let u be 16/y + 10/(-35). Is i(u) prime?
True
Suppose h = 3*h - 10. Suppose -968 + 193 = -h*p. Is p a composite number?
True
Let b(q) = q + 2. Let d be b(10). Suppose -d = -3*w, -374 = -3*s + 2*w + 101. Is s a prime number?
False
Suppose -2*s - s = 5*t + 317, -327 = 3*s + 3*t. Let n = -37 - s. Is n a prime number?
False
Suppose 2*j - 31 = j. Is j a prime number?
True
Let a(g) = -g**3 + 10*g**2 - 9*g + 7. Let r be a(9). Suppose -j + r + 3 = 0. Is j prime?
False
Suppose 3*t = 4*a + 20, -13 = -3*t - 2*a + 31. Suppose 5*n - t = n. Let m = n - 0. Is m a prime number?
True
Suppose 6*g + 263 = 7*g. Is g a prime number?
True
Let a(i) be the third derivative of i**5/30 + i**4/6 + i**3/2 - 5*i**2. Let u = -14 + 10. Is a(u) prime?
True
Suppose -47 - 24 = -r. Is r a prime number?
True
Let x(k) = k**2 + k + 85. Is x(0) a composite number?
True
Let x(m) = m - 10. Let g be x(5). Let j(u) = -15*u + 7. Is j(g) prime?
False
Suppose -8*g - 180 = -3*g. Let j = 1 - g. Is j prime?
True
Suppose 5*r = r + 20. Suppose -v - 2*v = 4*a - 331, 3*a - 240 = -r*v. Is a prime?
False
Suppose -5*l - 5*b + 675 = -4*b, 3*b + 253 = 2*l. Let s = l - 55. Suppose -5*a + 83 = 4*d, -3*a - a + d = -s. Is a a composite number?
False
Let w = -817 - -1154. Is w a composite number?
False
Suppose -139 + 5 = -g. Is g prime?
False
Let h(k) = -k**3 + 5*k**2 + 4*k. Let q be h(5). Suppose -3*n - 2*l - 3*l - 7 = 0, -4*l = q. Is n a prime number?
False
Let k(x) = x + 6. Let o be 2*-1 + (12 - 3). Is k(o) prime?
True
Is 529*1 - 0/(-2 - 2) prime?
False
Let d = 10 - 15. Let t = -3 - d. Is (290/t)/(3 + -2) a prime number?
False
Is -3*(-5)/9*447 prime?
False
Let j be (24/(-16))/(3/52). Let v = 115 + j. Is v composite?
False
Let r(j) = -6*j**2 - 7*j - 12. Let v(p) = p**2 + 1. Let f(k) = r(k) + 5*v(k). Let i be f(-6). Is (10 - -1)*(i - -2) a composite number?
False
Suppose -13*g + 2802 = -7*g. Is g composite?
False
Suppose 4*t - h - 13 = 23, -4*t - 2*h = -48. Suppose 10 = 2*d - 4*p, t - 4 = d - 3*p. Is 145/15 - (-1)/d a composite number?
True
Let g be 2 + 2*(-12)/(-8). Suppose -135 = -4*d - g*b, -2*d = b - 3*b - 72. Is d a composite number?
True
Suppose 8*x + 61 = 7*x. Let n = x - -92. Is n a prime number?
True
Let r = -23 + 1. Is -58*(3 + r/4) a prime number?
False
Let p(u) be the third derivative of u**5/15 - u**4/24 - u**3 + u**2. Is p(5) prime?
True
Suppose 1 = -4*t + 5*t. Is 95/20*4*t prime?
True
Let n = 708 - 167. Is n prime?
True
Suppose -4*j - 26 = -4*r + 94, -4*r - 5*j + 93 = 0. Let u = r + -8. Let x = 0 + u. Is x composite?
False
Let m be 29 + -1 + (-2)/2. Suppose 5*x = -y + 21 + m, -5*x - 10 = 0. Let l = y + -5. Is l composite?
False
Suppose -2*j = -4*i + j + 290, 4*i = -5*j + 274. Is i prime?
True
Let t be (-1)/2 + (-36)/(-8). Suppose 5*x = b - 54 + 167, x - 34 = t*b. Suppose -x = -2*g - 3*v, 5*g - 4*v - 55 = -0*v. Is g prime?
True
Suppose 5*o - 838 = 3757. Is o composite?
False
Let z = 3939 - 596. Is z a composite number?
False
Let w = 140 + -13. Is w a prime number?
True
Let n(q) = 3*q**2 + 1. Let p be n(-4). Let b = p - 28. Is b prime?
False
Le